0*g + 10 = -4*v. What is the units digit of g?
3
Let u(o) = -2*o**2 - 8*o - 2. Suppose -2 - 5 = -f. Let x be u(f). What is the units digit of x/(-15) + 4/(-10)?
0
Suppose 5*z + 60 = 4*b + 2*z, b - 24 = 3*z. What is the tens digit of b?
1
Let j = 7 + -3. Let m = -24 - -38. Suppose m = 5*y + j. What is the units digit of y?
2
Suppose 3*r = -3*s + 81, -r + 5*s = 3*r - 72. Suppose -2 + r = 3*v. What is the units digit of v?
7
Let v(o) = 3*o**2 - o - 1. Let w be v(2). Let l be 10/45 + (-2)/w. Let u(a) = -a + 8. What is the units digit of u(l)?
8
Let c(o) be the third derivative of 0*o - 1/3*o**3 + 1/20*o**5 + 0 - 4*o**2 + 0*o**4. What is the tens digit of c(2)?
1
Let n = 37 + -24. Suppose 3*s - 35 = -2*q + n, 60 = 2*q - 3*s. Suppose 0 = 5*t - 8 - q. What is the units digit of t?
7
Let y(i) be the third derivative of -7*i**4/24 - 2*i**2. Suppose 9*w + 8 = 5*w. What is the tens digit of y(w)?
1
Suppose 0 = 3*m + 2*o - 68, 3*o + 3 = m - 16. Suppose -3*f + 3 = -6. What is the units digit of m/f - (-4)/6?
8
Suppose a - 5*a - 2*l = -684, 0 = -4*a + 5*l + 698. What is the units digit of a?
2
What is the units digit of (-5 + 8)*66/9?
2
Let a(y) = y**2. Let n(l) = 2*l**2 + 2*l + 4. Let k = 2 + -1. Let r(v) = k*n(v) - a(v). What is the tens digit of r(-4)?
1
Let p(m) = -6 - 19*m - 6 + 12. What is the units digit of p(-3)?
7
Suppose 5*z = 73 + 37. Suppose -z = 3*o - 4*o. What is the tens digit of o?
2
Let j(g) = -g**3 + 7*g**2 + 7*g - 5. Suppose 0 = -5*u - 10, -8*f + 48 = -3*f - 4*u. Let q be j(f). What is the tens digit of (-3)/(q/10 + 1)?
1
Let w(m) = 142*m - 10. What is the units digit of w(3)?
6
Suppose -4*w + 985 = -5*k, 2*w - k - 288 - 197 = 0. What is the tens digit of w?
4
Let m = -47 - -107. What is the units digit of m?
0
Let k(x) = -2*x**2 + 16*x - 15. Let j(g) = -g**2 + 8*g - 7. Let q(c) = 5*j(c) - 2*k(c). What is the units digit of q(6)?
7
Let x = 114 + -81. What is the units digit of x?
3
What is the units digit of (30/(-20))/(2/(-92))?
9
Let d(r) = -r**2 + 11*r - 8. Let g be d(10). Suppose g*t = t + 15. What is the units digit of t?
5
Let j(m) = m**3 - 10*m**2 + 9*m + 9. Suppose -2*a - 42 = -4*d, -18 = -3*d - 5*a + 2*a. What is the units digit of j(d)?
9
Suppose 0 = 2*d - 0*d - 6. Suppose -80 = -4*j - 4*w, -d*j + 5*j - 12 = 5*w. Let r = j - 6. What is the tens digit of r?
1
Let i = 37 - 12. Let k = i + -17. What is the units digit of k?
8
Suppose -18 = -5*y + 2, -3*k = 2*y - 254. What is the units digit of k?
2
Let f = 26 + -20. Suppose -2*a = -4*t - 4, -3*a + 0*a + f = 5*t. What is the units digit of a?
2
Let p = 2 + 0. Let r be (-17 + p)/((-6)/8). Suppose -5*i = r, 2*k - 6*k = 2*i - 64. What is the units digit of k?
8
Let w(k) = -10*k - 20. What is the units digit of w(-10)?
0
Let o(j) = 2*j + 12. Let c be o(0). Suppose r + 4*u = c + 27, -23 = -2*r + 3*u. What is the tens digit of r?
1
Let z be (3/12)/((-1)/(-4)). Let d be 26 - (-1 + 0 + z). Suppose -k + 5*a = 1 - 3, 3*k = -5*a + d. What is the units digit of k?
7
Let z(r) = -2*r**3 - 3*r**2. Let u be z(-3). Suppose 3*m + 0*m - u = 0. What is the units digit of m?
9
Let n(j) = -j**3 - 3*j**2 + 4*j - 4. Let v be n(-4). What is the units digit of 219/9 - v/6?
5
Suppose 19 = 5*y - 6. Let u(g) = 15*g**2 - 14*g + 15. Let x(r) = 7*r**2 - 7*r + 7. Let t(l) = 6*u(l) - 13*x(l). What is the units digit of t(y)?
9
Let k(f) be the second derivative of f**3/6 + f**2/2 + 3*f. Let n be k(0). What is the tens digit of 15/n - (-2)/(-1)?
1
Let y = -12 + 6. What is the units digit of 57/5 - y/10?
2
Let b(j) = -j**3 - 8*j**2 - 9*j + 11. What is the units digit of b(-8)?
3
Suppose d + 16 = 5*d + 2*p, -18 = -3*d - 3*p. Suppose w = -4*w + 2*g + 23, -5*g = -3*w + 10. Suppose -s + 9 = -d*t - 13, -w*t = 20. What is the tens digit of s?
1
What is the tens digit of (110 - (-15)/(-3)) + 6?
1
Let s(i) = -53*i + 5. What is the tens digit of s(-1)?
5
Suppose 210 = 12*r - 10*r. What is the units digit of r?
5
Let q = -2 - -5. Let g = q + -4. What is the units digit of (2 + (-6 - g))/(-1)?
3
Let x = -21 + 20. Suppose -z = z - 10. What is the units digit of x + 2 + z + 6?
2
Let j = 230 - 64. What is the units digit of j?
6
Let i = 6 + -6. Suppose -3*g + 0*g = i. Suppose -z + 3 = -g*z. What is the units digit of z?
3
Suppose 5*x + 5*i - 225 = -0*i, 0 = 3*x + 5*i - 131. What is the tens digit of x?
4
Suppose 3*k - 5*p - 171 = 0, 4*k - p - p = 214. What is the units digit of k?
2
Let z(l) = l**3 - 6*l**2 - 6*l - 10. Let a be z(7). Let g be ((-3)/9)/((-5)/(-15)). What is the units digit of (a/9)/(g/12)?
4
Suppose -5*m + 591 = -179. What is the units digit of m?
4
Let h(r) = -4*r**2 - 3*r**3 + 0 + 0*r**2 + 4*r**3 + 3. What is the tens digit of h(5)?
2
Let z(s) = -6*s + 9. What is the tens digit of z(-4)?
3
Let i(t) be the first derivative of t**6/120 - t**5/20 - t**4/6 + t**3 - t**2/2 + 1. Let r(p) be the second derivative of i(p). What is the units digit of r(4)?
6
Suppose -1 = 2*a - 17. Suppose -5*f + 0*f = -20. What is the units digit of (a/(-6))/(f/(-18))?
6
Suppose 0 = -2*m + 4*r - 2, 4*r + 3 = 19. Suppose m*c - 33 = 4*c. What is the units digit of c?
1
Suppose 2*t = -6 - 70. What is the units digit of (t/4)/(5/(-10))?
9
Let v(n) = 2*n**3 - 5*n**2 - 20*n + 9. What is the tens digit of v(7)?
1
Let o = 16 + -7. What is the units digit of o?
9
Let a = 51 - -34. What is the tens digit of a?
8
Let f be -1 + 1 - (2 + -2). Let c = f + 2. What is the units digit of (c + -4)/(1/(-2))?
4
Suppose 132 = 6*d - 162. What is the tens digit of d?
4
Let a(q) = -2*q + 4 + 0*q + 3*q - 2*q. Let g be a(5). What is the units digit of ((-15)/(-12))/(g/(-4))?
5
Let h = -15 + 10. Let c = -3 - h. Suppose -3*m + 25 + c = 0. What is the units digit of m?
9
Let i(g) = -18*g - 1. Let x be i(-5). Suppose r - 3*r + x = 5*p, 3*p = -r + 54. What is the tens digit of p?
1
Let h be (-10)/(-3)*12/10. Suppose -h*k = 12 - 28. Suppose -4*o = -0*o + k*y - 20, -40 = -2*o + 4*y. What is the units digit of o?
0
Let c be (-2)/(-5) - 13/(-5). Suppose w = c*w - 14. What is the units digit of w?
7
Let l be (-517)/77 - (-2)/(-7). Let h = l + 10. What is the units digit of h?
3
Suppose 0 = -0*i + 3*i - c - 10, i + 5*c + 2 = 0. Let z = -1 + i. What is the units digit of z?
2
What is the tens digit of (0 - -3 - 1)/(2/59)?
5
Let b be -2 + 0 + (-18)/(-6). Let d = 1 + b. Suppose -3*z + d*l + 24 = 0, -z - 1 = -4*l + 1. What is the tens digit of z?
1
Let w = -4 - -8. Let d be 38/14 - w/(-14). What is the units digit of -15*(-1)/d*1?
5
Let t be (-3)/(-2*(-1)/(-2)). Suppose -2*h + t*h - 1 = -2*j, 3*j = -h. Suppose h*b = 7 + 11. What is the units digit of b?
6
What is the hundreds digit of 0/(-9) - (250*1)/(-2)?
1
Let l be 9/(-4)*(8 - 0). Let t = l + 0. Let g = t - -25. What is the units digit of g?
7
Suppose 2 = 3*k - 79. Let i = k + -6. What is the units digit of i?
1
Suppose 3*n + 4 = 2*o, -o + 3*n = -4 - 4. Let c(t) = t**2. What is the units digit of c(o)?
6
Let z = -21 + 36. What is the units digit of z?
5
Let l = 541 + -374. Suppose 5*c - l = 48. What is the tens digit of c?
4
Let r = 0 - -2. Suppose 5*t = -4*o + 15, -5*o + 0*t = 4*t - 21. Suppose -r*h = o*n - 51, h = -n - n + 20. What is the tens digit of n?
1
What is the tens digit of ((-140)/30)/(2/(-9))?
2
Suppose -17 - 40 = -3*b. Let m(l) = -l**3 + 4*l**2 + 3*l + 1. Let n be m(4). Let d = b - n. What is the units digit of d?
6
What is the tens digit of -2 - 3/(3/(-197))?
9
Let q = -1 + -3. What is the units digit of 8*1 - (q - -2)?
0
Suppose -6*k + 105 - 15 = 0. What is the tens digit of k?
1
Suppose 4*q - r = 215, -2*q + 3*r - 125 = -4*q. What is the units digit of q?
5
Let j(l) be the second derivative of -l**3/3 + l**2 + 4*l. What is the units digit of j(-14)?
0
Let j(h) be the second derivative of 3*h + 1/3*h**3 - h**2 + 0. What is the units digit of j(5)?
8
Let w = -4 - 10. Suppose -20 = -i - 3*q + q, -5*q - 15 = 0. Let j = w + i. What is the tens digit of j?
1
Let l = 3 - 14. Let p(u) = -u**3 - 11*u**2 + 12. What is the tens digit of p(l)?
1
Suppose -2*w - 100 = -7*w. Suppose 5*a + 2*p = -w + 107, -3*p = -3. What is the tens digit of a?
1
Suppose -10*d = -8*d - 74. What is the tens digit of d?
3
Let f(k) = 3*k + 2*k**2 + 4*k**3 - 2 - 2*k**3 - 5*k**2. Suppose 0 = 5*n - 10 - 0. What is the units digit of f(n)?
8
Let